hat is the tens digit of z(-27)?
0
What is the thousands digit of (232 - 220) + (4475 - 1)?
4
Suppose 384 = -29*g + 1718. What is the tens digit of g?
4
Suppose 4*x + 168812 = 4*o, 10 = -377*x + 382*x. What is the tens digit of o?
0
Suppose -4*g + 838 = 230. Let v = 221 - g. What is the units digit of v?
9
What is the units digit of 1/(1999030/666340 - (3 + 0))?
4
Let y(s) = s**3 + 20*s**2 - 8*s - 28. Let q be y(-20). Let w be 20/6*4/((-32)/q). What is the tens digit of (w/2)/(((-20)/8)/5)?
5
Suppose 3 = 3*i + 9, 0 = -d - 2*i - 243. Let f = d - -432. Suppose -3*s + 3*z + 44 = -f, z = -s + 87. What is the units digit of s?
3
What is the tens digit of 12084 - -50 - (14 - 0)?
2
Let d(k) = -82*k**2 + 1. Let r be d(-1). Suppose 44*c - 33*c = 1749. Let n = c + r. What is the units digit of n?
8
Suppose 2*o + 5*g = 9124, 20 = -17*g + 12*g. What is the hundreds digit of o?
5
Let y = -22826 + 84992. What is the ten thousands digit of y?
6
Suppose -y + 110 = -0*y. Let c = 176 - y. Suppose -r + c = -8*p + 3*p, -r + 2*p + 69 = 0. What is the tens digit of r?
7
Let k(t) be the first derivative of 5*t**3/3 - 2*t**2 - 11*t + 58. What is the hundreds digit of k(-8)?
3
Let q(l) = 4*l + 106. Let w be q(0). Let z = w - -1760. What is the tens digit of z?
6
What is the tens digit of ((-16)/32)/(2/24) - (-33 + -2021)?
4
Suppose -141*k + 1946964 = -1376829. What is the tens digit of k?
7
Suppose 23828 - 9860 = 7*f - 12933. What is the units digit of f?
3
Suppose -4*q - 5*d + 79 = 0, -3*q - 5*d + 62 = -4*d. Let y be (-2270)/q + 60/630. Let m = y - -119. What is the tens digit of m?
1
Let h(a) = 1148*a**2 - 105*a - 551. What is the ten thousands digit of h(-6)?
4
Suppose -5*a = -a - 1016. Suppose 3*m - 703 + 195 = -4*u, -m = 2*u - a. What is the units digit of u?
7
Let v = -16771 - -43433. What is the tens digit of v?
6
Let q be -2 - 1/(-3)*-3. Let m be q + 5 + 48/(-6). What is the tens digit of 43*1 - 7/(m - 1)?
4
Let x be (-4 - -2)*(-2 - 6/(-2)). Let g(n) = -30*n**3 + 5*n**2 + 7*n + 6. What is the hundreds digit of g(x)?
2
Let k(b) = -12433*b**3 + b**2 - 5*b - 7. What is the units digit of k(-1)?
2
Suppose -2*s + 236 = 230. Suppose 3*j - 885 = -s*a, 0 = 4*a - 0*a - 4*j - 1140. What is the units digit of a?
0
Let w(n) = -4*n**3 - 16 - 4*n**3 + 49*n - 2*n**3 + 9*n**3 + 20*n**2. Let x = -245 + 267. What is the units digit of w(x)?
4
Let b be 1 + (831/6)/((-10)/180). Let i = -1604 - b. What is the units digit of i?
8
Let j(n) = -2*n**2 + 3*n - 9. Let h be j(3). What is the units digit of 9/h + 81/2?
0
Let a(r) be the third derivative of -r**6/120 + r**5/20 - r**4/24 + r**3/6 - 12*r**2. Let y be a(1). What is the tens digit of 1/y*(-12 - -96)?
4
Suppose -104614 = -762*b + 743*b. What is the units digit of b?
6
Let o(h) = 295*h - 603. What is the tens digit of o(5)?
7
Suppose 0 = 14*s - 19*s + 51910. What is the thousands digit of s?
0
Suppose 543126 - 33846 = 48*m. What is the tens digit of m?
1
Let n(q) = -q**3 - 6*q**2 - q - 2. Let i be (-9)/(-4)*(-56)/21. Let s be n(i). What is the tens digit of (-1)/(s/(-128)) - 4?
2
Let z(w) be the first derivative of -w**4/4 - 8*w**3 - w**2/2 - 34*w + 76. What is the units digit of z(-25)?
6
Suppose 2 = 5*y - 18. Let d be y - (-2*4)/(-4). Suppose -d*a = 3*a - 5. What is the units digit of a?
1
Suppose -2*t - 17 = -3*v, -70 = -5*v - 3*t - 2*t. Suppose v*x + 0*x - 7911 = 0. What is the units digit of x?
9
Suppose 0 = 6*j - 670 - 74. Suppose 3*y = -y + j. Suppose -4*f = -c - 198, 2*f + c - y = 71. What is the tens digit of f?
5
Suppose 375 = -4*r + 387. Suppose -r*m + 5545 = -4*g, 0 = -6*g + 8*g - 4. What is the thousands digit of m?
1
Let t(g) = g**3 - 8*g**2 + 3*g + 6466. What is the thousands digit of t(0)?
6
Let a be (18/3 - 3)/((-3)/4). Let w(r) = -27*r + 7. Let c be w(a). Suppose -4*d - 20 = 0, 2*f - c = f + d. What is the tens digit of f?
1
Let s(o) be the second derivative of -o**4/12 + 7*o**3/6 - 9*o**2/2 + 12*o. Let h be s(5). Suppose h + 419 = 5*f. What is the units digit of f?
4
Let m be (-42)/(-7 + 9) + 3. What is the units digit of 10/(60/m) - (-317 + -2)?
6
Let s = 17 - 33. Let j = -13 - s. What is the hundreds digit of j*((12/(-3) - -82) + -4)?
2
Suppose 5*b = -4*f, 3*b + 2*f = 3*f. Suppose -w + 204 = 5*u + w, -4*u - 2*w + 162 = b. What is the tens digit of u?
4
Let z(o) be the third derivative of -3*o**6/20 - o**5/20 - o**4/3 - 5*o**3 - 24*o**2. What is the hundreds digit of z(-4)?
1
Let y(t) = 2*t**2 + 2*t + 14. Let u(i) = -3*i**2 - i - 14. Let a(k) = -3*u(k) - 4*y(k). Let z be a(6). Let l = 18 + z. What is the units digit of l?
0
Let h = -11867 - -22682. What is the tens digit of h?
1
Let p(j) = -11*j**3 + 6*j**2 - 30*j + 98. What is the tens digit of p(-19)?
8
Let b(t) = -t**3 - 5*t**2 + 14*t + 20. Let m(a) = -a**3 - 5*a**2 + 15*a + 18. Let j(v) = 3*b(v) - 4*m(v). What is the tens digit of j(-7)?
1
Let t(i) = 176*i**2 - 16*i - 282. What is the units digit of t(-7)?
4
Let o(q) = q + 6. Let a be o(-2). What is the units digit of 244 + 5*(-5 + a)?
9
Let k(d) = -53*d**3 - 2*d + 4. Let x(b) = -b**2. Let n(q) = -k(q) - x(q). What is the hundreds digit of n(2)?
4
What is the units digit of 84/14 - (-30)/(-5) - -29426?
6
Suppose 4*w + 88 = 2*b, -7*w - 128 = -4*b - 11*w. Let c(l) = l**2 - 21*l + 40. What is the tens digit of c(b)?
8
Let z be 1/(-5) + 2688/(-35). Let j be (-22)/z - (-33)/7. Suppose j*l = 612 + 63. What is the hundreds digit of l?
1
Let a(s) = -s**2 - 5*s. Let h be a(-10). Let l = 54 + h. Suppose l*b = 71 - 3. What is the tens digit of b?
1
Suppose -2*d + 4*d = -5*h + 15130, -d - 9067 = -3*h. What is the hundreds digit of h?
0
Let i(j) = 68*j - 8. Suppose 6*v + 77 = 13*v. Let u(g) = -2*g + 24. Let s be u(v). What is the hundreds digit of i(s)?
1
Let o = 700 - 965. Let q = o + 691. What is the units digit of q?
6
Let u = 2 - 0. Suppose s = 4*f + 21, u*f + 4 = -s + 1. What is the hundreds digit of s/30*0 - (-210)/2?
1
Let y(c) = 521*c + 1181. What is the tens digit of y(19)?
8
Suppose 4*r + 597 = i, 0 = -i + 3*r + 108 + 488. What is the hundreds digit of i?
5
Suppose -346*i + 5818222 = -105*i. What is the tens digit of i?
4
Let o be -1*(-2 - -7 - -80)*-1. Suppose o*z = 91*z - 7278. What is the thousands digit of z?
1
Suppose 20*w = 23*w - 1674. Let f = w + 792. Suppose 4*d - f = -5*d. What is the units digit of d?
0
Suppose 5*k - 30 = -0*k + 4*n, -2*n - 12 = -2*k. Let z(a) = 8*a**2 + 5*a - 15. What is the tens digit of z(k)?
0
Let t = 13592 - 5590. What is the thousands digit of t?
8
Let y(w) = -376*w - 1. Let m be y(3). Let k = m + 1796. What is the hundreds digit of k?
6
Suppose 3*s - 11 + 3 = p, -s + 5*p + 12 = 0. Suppose 1320 = 10*c + s*c. Suppose 3*h - 3*r - c = 280, -4*r + 150 = h. What is the hundreds digit of h?
1
Suppose -9 = o + 2*k, 2*k - 11 = 3*o - 0*k. Let l(w) = w**2 + 3*w - 1. Let a be l(o). Let x(d) = 2*d**2 - 15*d - 1. What is the tens digit of x(a)?
2
Suppose 2*u - 2*p = 226 + 10658, -u + 3*p + 5438 = 0. Suppose -4*l + u = s - 5*s, 4 = -4*s. What is the tens digit of l?
6
Suppose 0 = 69*w + 48434 - 285725. What is the thousands digit of w?
3
Let h(o) = -3*o**3 - 9*o**2 - 18*o - 14. Let r be h(-8). Let g = r - 400. What is the tens digit of g?
9
Let m = -146262 + 223680. What is the units digit of m?
8
Let w(h) = 2*h - 19. Let b be w(8). Let a(i) = i**2 + 3*i + 10. Let j be a(b). Suppose j - 39 = -t. What is the tens digit of t?
2
What is the hundreds digit of (-173973)/(-29) - ((-714)/(-493))/21?
9
Let h = -39 - -27. Suppose 25*o - 18 = 26*o. What is the units digit of (h/o)/(6/63)?
7
Suppose -5*g - 19635 = -4*a - 66535, 5 = -a. What is the tens digit of g?
7
Suppose 15486 = b - 3*a, -2*b + 4172 + 26816 = 2*a. What is the ten thousands digit of b?
1
Suppose 12 = 7*t - 5*t. Suppose -t*h = h + 35. What is the tens digit of -1 + 5 + h + 9 + 7?
1
Let b = -1987 + 3675. What is the tens digit of b?
8
Suppose 199*u = 4274826 + 1012405. What is the thousands digit of u?
6
Suppose 6*m = 4*m + 5*x + 55, 91 = 3*m + x. Suppose t + 5*f + 28 + 6 = 0, -5*t + 3*f = m. What is the hundreds digit of (-306)/((-9)/6*(-12)/t)?
1
Let b = -15357 - -23370. What is the hundreds digit of b?
0
Let l = 5384 + 791. Suppose -l = 518*k - 523*k. What is the thousands digit of k?
1
Let j be 3*(3 + -4)*1. Let l(v) = 3*v*